m(0). Let f = a - -11. List the prime factors of f.
2, 5
Suppose 4*s + 0*s = -2*w - 24, 3*s - 5*w + 44 = 0. Let h(d) = -d + 7. What are the prime factors of h(s)?
3, 5
Suppose 3*h + 2*h - 125 = 0. List the prime factors of h.
5
Suppose -l + 5*z = -85, -5*l + 3*z - z = -402. What are the prime factors of l?
2, 5
Suppose 25 = 5*k, k + 7 = 3*n + n. What are the prime factors of n?
3
Let a(t) = 3*t**3 - 9*t**2 - 2*t + 9. Let i = -7 + 10. Let l(s) = 2*s**3 - 9*s**2 - 3*s + 8. Let k(h) = i*a(h) - 4*l(h). List the prime factors of k(-8).
11
Suppose -8*r = -3*r - 5. Let s(c) = -c + 1. Let a(b) = 5*b - 10. Let w(v) = -a(v) - 10*s(v). List the prime factors of w(r).
5
Let a(q) = -q. Suppose -10 - 11 = 3*p. List the prime factors of a(p).
7
Suppose p = -4*p - 2*w + 240, 0 = 3*p - 5*w - 175. What are the prime factors of p?
2, 5
Suppose 0 = 17*i - 13*i - 1312. What are the prime factors of i?
2, 41
Suppose 5*k - 2*p = 1 + 8, 4*k + 4*p = 24. Let d be (k*-3)/(-1 - 0). What are the prime factors of 14/3 + 3/d?
5
Let a(c) = -c - 7. Let z be a(-9). Suppose -1 = -z*l + 3. List the prime factors of l.
2
Let p = 1 - 1. Let w = -6 - -19. Let t = p + w. List the prime factors of t.
13
Let n be (-8)/5 - 6/15. Let k be n/6 - 98/21. List the prime factors of -2 - k*3 - 0.
13
Suppose 2*f = f. Suppose 4*z + f*z = -112. Let j = -20 - z. List the prime factors of j.
2
Let y(n) = n**3 + n**2 + 2*n - 2. Let w(v) = v**3 + 6*v**2 + 4*v - 3. Let o be w(-5). Let q be y(o). Let x = q + -5. List the prime factors of x.
3
Suppose 5*x - 50 = 95. What are the prime factors of x?
29
Suppose -1 = 3*o + 44. Let i = 44 + o. Suppose -4*r = n + 8, -n - n + i = -r. What are the prime factors of n?
2, 3
Let p be (-8)/20 + 12/5. What are the prime factors of (-2)/(5/p + -3)?
2
Let j = -37 - 6. Let k(h) = -h**3 - h**2 + h - 29. Let y be k(0). Let b = y - j. What are the prime factors of b?
2, 7
What are the prime factors of 3*(87/(-9))/(-1)?
29
Suppose 0 = 2*m - 302 + 94. List the prime factors of m.
2, 13
Let z(i) = 2*i**2 - i - 14. List the prime factors of z(-10).
2, 7
Let i(r) = r**2 + r. Let k be i(-6). Suppose 3*l = g - 4*g + 30, 0 = 2*g + 4*l - k. List the prime factors of g.
5
Let a(u) = -u + 6. Let i be a(6). Let c be i + 0 + -2 + 7. Let q = 8 - c. What are the prime factors of q?
3
Let t(n) = 2*n**2 + n - 2. Let z be (-1)/3 + (-28)/(-12). Let l be t(z). List the prime factors of (l/10)/((-2)/(-15)).
2, 3
Let s(r) = -r**2 - 2 - 12*r + 2*r + 4 + 0. Let d be s(-9). Let y = d + -5. List the prime factors of y.
2, 3
Let i(n) = -n. Let j(t) = -14*t**2 - 7*t. Let g(q) = 7*i(q) - j(q). Let s(c) = c**2 + 1. Let v be s(0). What are the prime factors of g(v)?
2, 7
Let j(k) = k**3 - 12*k**2 + 12*k - 9. Let r be j(11). Suppose -2*m - 4*x = 0, -2*m = -5*m + 2*x + 24. What are the prime factors of (9/m)/(r/4)?
3
Suppose 3*d + 9 = 0, -157 = -z - d + 103. What are the prime factors of z?
263
What are the prime factors of 4/6 - (-155)/15?
11
Suppose -u + 9 = -4*u. Let s = 19 + u. List the prime factors of s.
2
Let s = 20 - 18. What are the prime factors of (6/4)/(s/32)?
2, 3
Suppose -4*g + 7 + 9 = 0. Suppose g*c - 8 = 4*p, -4*p + 18 = c + 1. List the prime factors of p.
3
Let f(o) = o + 64. List the prime factors of f(-14).
2, 5
Let l = -16 - -27. What are the prime factors of l?
11
Let u(a) = 5*a - 23. List the prime factors of u(11).
2
Let h be (1 - -1) + (2 - 1). Let w be ((-15)/(-9))/((-2)/(-6)). Suppose c + b = 14, -b = -w*c + h + 55. List the prime factors of c.
2, 3
Suppose 4*d - 8 = -4*l, 2*l + 0*d - 3 = -3*d. Let q(h) = h + h**2 + 3 + l*h - 2 + 4. List the prime factors of q(-5).
2, 5
Suppose y = 6*y. Suppose y = 3*c - 4*c + 5. Suppose c = 2*a - 7. List the prime factors of a.
2, 3
Suppose -1 - 35 = -5*q + 4*v, -2*q + 20 = -3*v. Suppose -q + 80 = 2*l. What are the prime factors of l?
2, 19
Suppose 0*c = 5*s + 3*c + 9, 3 = 5*s - c. Suppose 5*n + 5*u - 130 = 90, s = -n + u + 40. Let l = n - 25. What are the prime factors of l?
17
Let g(j) = 3*j**2 - 2*j. Let k be g(-2). Suppose -2*f - k = -6*p + 2*p, p - 4*f + 10 = 0. List the prime factors of p.
2, 3
Let c(j) be the first derivative of 2*j**3/3 - 3*j**2/2 + 3*j + 3. List the prime factors of c(2).
5
Suppose -23 = -5*m - 3. Let y be (-26)/(-3) - m/6. Let v = 11 - y. List the prime factors of v.
3
Let y = -11 + 82. What are the prime factors of y?
71
Suppose -o + 40 = 4*o. Suppose 12 = 5*y - o. What are the prime factors of 33/9 + y/(-6)?
3
Let m(i) be the first derivative of -i**4/4 - 10*i**3/3 + 5*i**2 + 3*i - 1. Let g(a) = -a**2 + 2*a + 4. Let n be g(5). What are the prime factors of m(n)?
2, 7
Let a be (-5)/(-5) + 6*2. Let m = a - 8. List the prime factors of m.
5
Let i(o) = o**2 + 2. Let r be i(3). Suppose 0 = h - 10 - r. List the prime factors of h.
3, 7
Let s = 26 + 29. List the prime factors of s.
5, 11
Let o(m) = 18*m**2 - 1. Let a be o(1). Let j = 9 - 8. List the prime factors of a/4 + j/(-4).
2
Suppose 2*h - 4*x - 28 = 0, -h + 0*x + 3*x = -18. What are the prime factors of 18 + 3 + h*-1?
3, 5
Let r = 7 + 4. Suppose 4*d + 4*h - 24 = 0, -2*h + r = 2*d + h. Let l(q) = q**3 - 8*q**2 + 6*q + 9. What are the prime factors of l(d)?
2
Let k(q) = -q**2 - 21*q - 29. What are the prime factors of k(-13)?
3, 5
Suppose 0*g + g - t = -2, t + 26 = -3*g. Let z = 12 + g. List the prime factors of (4/(-10))/(z/(-25)).
2
Let s = 96 + -45. What are the prime factors of s?
3, 17
Suppose -4*i - 77 = 723. Suppose -3*v - 12 = -138. List the prime factors of (-12)/v + i/(-14).
2, 7
Let s = 304 + -87. List the prime factors of s.
7, 31
Let k(g) = g + 4. Let q be k(5). Suppose q = 5*r - 1. Suppose 0 = r*n - 5*u - 10, n - 2*u = 2*u + 5. What are the prime factors of n?
5
Let z = -6 - -72. Suppose -3 = 9*p - 6*p. What are the prime factors of (z/(-2))/(-3) + p?
2, 5
Let i = -37 - -97. What are the prime factors of i?
2, 3, 5
Let y = 21 + 13. What are the prime factors of y?
2, 17
Suppose -5 = -2*d - 1. Suppose 6*g - d*g = 28. Suppose -1 - g = -l. List the prime factors of l.
2
Let d = -15 + 10. What are the prime factors of d/(-15)*8*3?
2
Suppose p = 3*p + 2*c, 0 = -4*p + 3*c. Suppose p = -2*v - v + 69. List the prime factors of v.
23
Let o(m) = 5*m**2 - 6*m + 9. List the prime factors of o(6).
3, 17
Let w(s) = 3*s - 1. Let m = -8 + 9. What are the prime factors of w(m)?
2
Suppose -4*r + 5*p = 6 - 22, -4*r + p = -32. Let g be ((-12)/r)/((-2)/6). Suppose -3*n + 6*c = 8*c - 26, g*c + 8 = 0. What are the prime factors of n?
2, 5
Suppose 9 + 37 = i. List the prime factors of i.
2, 23
Let s(v) be the third derivative of -v**6/720 + v**5/10 + v**4/24 - v**2. Let g(i) be the second derivative of s(i). List the prime factors of g(6).
2, 3
Suppose -12 = -f - 3*f. What are the prime factors of 16 - f/6*2?
3, 5
Suppose -2*f + 45 + 41 = 0. List the prime factors of f.
43
Suppose 6*r - 33 = 5*r. Suppose -3*j + r + 36 = 0. List the prime factors of j.
23
Suppose j + 2*j - 34 = -5*h, -j - 22 = -5*h. Let k(t) = 4*t - 4. Let n be k(j). Let x(o) = -o + 10. What are the prime factors of x(n)?
2
Let h(p) = p**3 + 4*p**2 - 7*p. Suppose 34 = -5*z - 3*n, 3*z + n = 2*n - 12. What are the prime factors of h(z)?
2, 5
Let j = 222 + -129. List the prime factors of j.
3, 31
Let i(y) = y - 1. Let p be i(3). Let j = 7 + p. What are the prime factors of j?
3
Let g(z) = z**3 - 4*z**2 + 3*z + 4. Let h(j) = 3*j**2 + j + 1. Let k be h(-1). Let x be g(k). Suppose -x*p + 20 = -16. What are the prime factors of p?
3
What are the prime factors of 3472/80 + (-2)/5?
43
Let v be 11/(-22) - (-5)/(-2). Let j(h) = -3*h + 3. Let r be j(3). List the prime factors of 2/r*18/v.
2
Let x(r) = r**2 + r - 9. What are the prime factors of x(-4)?
3
Let n(t) be the first derivative of -3 - 5*t - 1/2*t**2. What are the prime factors of n(-7)?
2
Let y(w) = w**2 + w - 1. List the prime factors of y(-5).
19
What are the prime factors of ((-18)/(-8))/((-3)/(-48))?
2, 3
Let b(r) be the first derivative of r**2/2 + 10*r + 1. Suppose 6 = -2*c + c. List the prime factors of b(c).
2
What are the prime factors of (-556)/(-5)*(-40)/(-16)?
2, 139
Let j(p) = 15*p**2 + 6*p + 15. List the prime factors of j(-3).
2, 3, 11
What are the prime factors of 2*13 + -1 + 4?
29
Suppose -2*u - u = 0. Let t = u + 2. What are the prime facto